the greatest common factor of i and 6801?
3
Let l(b) = 21*b + 250. Let q be l(-8). Suppose 4*s - 1451 = -4*r - s, -5*r + 1825 = 4*s. Calculate the greatest common factor of q and r.
41
Suppose m + 0*z - 3*z = 9, -3*m = -5*z - 23. Suppose -k + 6 = m. Suppose 0 = -5*c + c + 3*g + 86, k = g + 2. What is the highest common factor of 8 and c?
4
Let f(q) = q**2 + 4*q - 9. Let u(o) = 4*o - 13. Let s(l) = 3*f(l) - 4*u(l). Let p be s(10). What is the greatest common divisor of 57 and p?
57
Let o(s) = 3*s**2 - 31*s + 34. Let r be (-1 - (-30)/12)/((-3)/(-22)). Let c be o(r). What is the greatest common divisor of 196 and c?
28
Let o(i) be the first derivative of 2*i**3 - 11*i**2/2 + 15*i + 137. Let n be o(6). Let s be (-3 + 2)*3*-5. What is the highest common factor of s and n?
15
Let w(k) = 34*k**2 - 17*k - 42. Let a be w(-2). What is the highest common divisor of 16 and a?
16
Let y = -5978 - -6218. Calculate the highest common divisor of y and 19920.
240
Suppose -9*i - 35519 = -35555. What is the greatest common divisor of i and 1916?
4
Let s = -944 + 1097. Let t = -1 - -2. Let g be (-3)/(-9)*s*t. Calculate the highest common factor of g and 34.
17
Let v be 310/6 + (-18)/(-243)*(-9)/(-2). What is the highest common factor of 169 and v?
13
Suppose 0 = -179*l + 38*l + 1974. Let y = 20 - -43. Calculate the highest common factor of l and y.
7
Let f = -7330 + 7350. Let w(l) = 3*l**2 + l - 2. Let n be w(3). Calculate the highest common divisor of n and f.
4
Let i = -10894 - -10981. Calculate the highest common factor of 2059 and i.
29
Let k = -298 + 500. Suppose 4*d + i - 84 = k, -5*i - 298 = -4*d. Let h = d - 57. What is the greatest common divisor of 3 and h?
3
Let j(d) = 10*d**2 - 54*d + 108. Let u be j(-8). Calculate the greatest common factor of 40 and u.
20
Let p be 3 + -7 + (6 - -1*2). Suppose p*x + 3*j - 8*j - 152 = 0, -115 = -3*x + 4*j. Calculate the greatest common divisor of x and 9.
3
Let t = -54 + 78. Suppose -4*f + 8 + 22 = 2*p, 5*f - p = 41. What is the greatest common divisor of t and f?
8
Let q = 57 - 54. Suppose q*g + 302 = 2018. What is the greatest common divisor of 52 and g?
52
Let b be 4*((-990)/(-8))/3. Let f be (-39)/26*1340/15. Let h = f - -167. Calculate the highest common factor of h and b.
33
Suppose -5*l = -4*m - 1470, -4*l + 4*m - 261 = -1441. Suppose -o + 4 = -6. Calculate the greatest common divisor of o and l.
10
Let i(v) be the first derivative of v**4/4 + 3*v**3 + 20*v**2 + 230*v - 164. Let n be i(-6). What is the highest common divisor of n and 196?
98
Let g be ((-8)/10)/((-28)/(-5) - 6). Suppose 3*z = -5*c + 1, 2 = -z - g*c + 1. Suppose z*u - 827 = -155. What is the greatest common factor of 12 and u?
12
Let n(y) = -y**3 + 48*y**2 - 26*y + 159. Let f be n(45). What is the highest common divisor of 4 and f?
4
Let f(v) = v**3 - 16*v**2 + 16*v + 14. Let i be f(13). Let z = i + 335. Calculate the greatest common factor of z and 2.
2
Suppose 0 = 959*c - 989*c + 3600. What is the highest common divisor of 1068 and c?
12
Let o be 3/(-3) - (0 - 16). Let n = -9392 - -9647. What is the greatest common divisor of o and n?
15
Let d be 1*((-1)/(-1) - 1). Suppose d = -r + 18 - 16. Suppose -182 = -4*w + w - 4*i, 112 = r*w + 5*i. What is the greatest common factor of w and 6?
6
Suppose 15*t - 18*t = w - 2043, -4*w + 8199 = 3*t. What is the highest common factor of 9 and w?
9
Let g be (-1)/((-6)/15 + 3/(-30)). Suppose 1 = g*h - 3*h. Let z(p) = -21*p**3 + p**2 - 2. Let b be z(h). Calculate the highest common divisor of b and 8.
4
Let b(z) = z**2 - 3*z - 8. Suppose -5*k - 3*f = 11, 4*k = 5*k + f + 1. Let p be b(k). Suppose 0 = w + 6 - 226. Calculate the greatest common divisor of p and w.
20
Let n = 33 - 73. Let l = n + 67. What is the greatest common divisor of l and 18?
9
Let c = -3154 + 3344. What is the greatest common factor of 304 and c?
38
Let k(s) = -9 + 42*s + 26 - 48*s + 63. Let o be k(8). What is the highest common divisor of 20 and o?
4
Let h be (-99)/((156/(-64))/13). What is the greatest common divisor of h and 374?
22
Let u be -2 + 3 - (-12 - -1). Suppose 3*s = -5*s - 40. Let m be 3/s - (2418/(-30) + -4). What is the highest common factor of u and m?
12
Let i be (68/3)/(2/24). Let y be (-56797)/(-3315) - ((-26)/30 + 1). What is the highest common divisor of y and i?
17
Let j = 393 + -269. Suppose 4*m - j = 20. Let p(y) = 10*y**2 + 36*y + 38. Let l be p(-1). What is the highest common divisor of m and l?
12
Suppose 0 = 3*j - 2*x - 755, 0 = 4*j + 5*x - 417 - 536. Calculate the highest common divisor of 1539 and j.
19
Let b be (2/(-3))/((-6)/18). Let f(c) = 7*c**2 - 4*c + 3. Let j be f(b). Let n = 166 + -74. Calculate the highest common divisor of n and j.
23
Let i(p) = -p**3 + 5*p**2 + 6*p + 6. Let g be i(6). Suppose g*r = 18, -f - 5*r + 94 + 377 = 0. Calculate the greatest common factor of 171 and f.
57
Let y be (4 - 9)/(10/(-6)). Suppose -14*p + 13*p + y*o + 11 = 0, 0 = -3*o. What is the highest common divisor of p and 352?
11
Let u be 66*(-45)/36*-86. What is the highest common divisor of u and 15?
15
Let c(b) = -88*b**2 + 12*b - b**3 - 7 + 9 + 66*b**2 + 10*b - 14. Let a be c(-23). What is the highest common divisor of 341 and a?
11
Suppose -4*l + 274 = -154. Let c be l/4 + 8/32. What is the highest common divisor of 15 and c?
3
Let m(s) = 177*s**3 - 14*s**2 + 44*s - 10. Let n be m(3). What is the greatest common divisor of 100 and n?
25
Suppose 43345 = 5*k - 5*c, -3047 - 31671 = -4*k - 2*c. What is the highest common factor of 4 and k?
4
Suppose 205 - 95 = 5*w. Suppose w*x - 468 = 4*x. Calculate the greatest common divisor of x and 286.
26
Suppose -3*w - 246*m + 18 = -243*m, -2*w - 4*m - 2 = 0. Suppose 3*p - 6 + 3 = 0. Calculate the greatest common divisor of p and w.
1
Let d = 1010 + 5113. Calculate the highest common factor of d and 39.
39
Let v = 148176 + -147835. Suppose -3 = 5*s - 58. What is the highest common divisor of s and v?
11
Let g be (3024/231)/(-24) - 5490/(-22). What is the greatest common divisor of g and 21?
3
Suppose 0 = -2*t - 219 + 27. Let o = -90 - t. Suppose 53 - 11 = o*k. What is the greatest common factor of k and 56?
7
Let u(d) = 14*d**2 - 9*d - 25. Let c be u(-4). Let p = 333 - c. Calculate the greatest common factor of 126 and p.
14
Let x be 140/1190 + (-3532)/(-34). Suppose 5*t = 30 - 0. Let m be 80/t - (-2)/(-6). What is the highest common divisor of m and x?
13
Let q be (-182)/(-21) - (-20)/(-30). Let u(v) = 2*v**3 - 17*v**2 + 4*v + 33. Let p be u(q). Let t = -8 + 33. Calculate the greatest common factor of p and t.
1
Suppose -j - d + 27 = 0, 2*j - 4*d - 66 = -9*d. Let z = 136 - 206. Let b be (-1 - z)*(-45)/(-15). What is the greatest common divisor of b and j?
23
Suppose -42*x + 1195 = -2039. Calculate the greatest common divisor of x and 11.
11
Suppose 341*w + 5965 = 10385 + 6833. Calculate the highest common factor of 7887 and w.
33
Let t be 223 + 16 + 1 + 5. What is the greatest common factor of 784 and t?
49
Let d(p) = -4*p**3. Let l be d(-1). Suppose 5*x - 113 = -l*j, 3*x = 8*x + 2*j - 109. Calculate the greatest common factor of x and 14.
7
Suppose -k = -3*k, -3*j - 5*k + 108 = 0. Suppose -j*p + 16 = -34*p. Suppose 33 = 3*s + p*s. What is the highest common factor of s and 18?
3
Let s = 1116 - -20. Suppose -11*o = -3*o - s. What is the greatest common divisor of 71 and o?
71
Let j(q) = -3*q**3 - 15*q**2 - 3*q + 2. Let p be j(-4). Let u be (-2)/(-4) + (-40)/(-16) - p. Calculate the greatest common divisor of u and 37.
37
Let r = 170 - 167. Suppose -z + r*t = 5 - 27, t - 58 = -2*z. What is the greatest common divisor of z and 35?
7
Let u be (-2 - -1 - 0) + 510/85. Suppose u*x - i - 208 - 267 = 0, 2*i = 3*x - 285. What is the highest common factor of x and 57?
19
Let h be (15 - -1) + (-391)/(-357) + (-2)/21. Calculate the highest common factor of h and 1207.
17
Let o(l) = -l**2 + 63. Let t be o(0). Let d(c) = -5*c + 43. Let z be d(21). Let y = z - -71. Calculate the greatest common factor of y and t.
9
Let b be (6/(-8))/(6/(-432)). Suppose 5*d = b + 11. Calculate the highest common factor of d and 5.
1
Suppose -570 = -y - 308*a + 311*a, 2*a = -3*y + 1644. Calculate the greatest common factor of 108 and y.
12
Suppose -15*y + 57 = -12*y. Suppose -6*o + 7 = y. Let s be (-5)/(-10)*-3*o. C